04139.
2269, 20231
What are the prime factors of 990928023?
3, 2221, 148721
What are the prime factors of 128418451?
7, 823, 22291
What are the prime factors of 170567802?
2, 3, 971, 3253
List the prime factors of 227848732.
2, 97, 151, 3889
What are the prime factors of 2623150372?
2, 37, 433, 40933
List the prime factors of 8891051.
13, 17, 40231
What are the prime factors of 1333283860?
2, 5, 66664193
What are the prime factors of 415489073?
257, 1616689
List the prime factors of 35703957.
3, 139, 85621
List the prime factors of 4566018666.
2, 3, 11, 69182101
What are the prime factors of 4969979?
7, 41, 17317
List the prime factors of 1733697602.
2, 7, 13, 1459, 6529
List the prime factors of 458829467.
67, 1439, 4759
What are the prime factors of 144820531?
587, 246713
List the prime factors of 157742642.
2, 78871321
List the prime factors of 33810014.
2, 7, 47, 51383
What are the prime factors of 745783297?
7, 439, 242689
What are the prime factors of 234288911?
9661, 24251
List the prime factors of 46446386.
2, 7, 3317599
List the prime factors of 2009600335.
5, 13259, 30313
What are the prime factors of 23861550?
2, 3, 5, 271, 587
What are the prime factors of 82900239?
3, 37, 67, 71, 157
What are the prime factors of 254763452?
2, 499, 127637
What are the prime factors of 279277936?
2, 7, 709, 3517
List the prime factors of 56215144.
2, 67, 104879
List the prime factors of 453747128.
2, 23, 743, 3319
List the prime factors of 128105586.
2, 3, 7, 29, 35059
List the prime factors of 5735186400.
2, 3, 5, 2389661
What are the prime factors of 97187974?
2, 13, 37, 101027
What are the prime factors of 361311271?
10193, 35447
What are the prime factors of 181867089?
3, 137, 442499
List the prime factors of 112106115.
3, 5, 11, 37, 6121
What are the prime factors of 617622211?
617622211
What are the prime factors of 1126511?
103, 10937
What are the prime factors of 483990228?
2, 3, 31, 48187
What are the prime factors of 1716540176?
2, 13, 8252597
What are the prime factors of 950260160?
2, 5, 859, 3457
What are the prime factors of 353297046?
2, 3, 53, 1110997
List the prime factors of 1928252599.
7, 13, 21189589
List the prime factors of 4263648919.
1997, 2135027
List the prime factors of 1272620110.
2, 5, 67, 1231, 1543
List the prime factors of 6164055072.
2, 3, 7, 241, 4229
What are the prime factors of 160056316?
2, 7, 101, 56597
List the prime factors of 906639155.
5, 17, 79, 135017
List the prime factors of 85974710.
2, 5, 8597471
List the prime factors of 6257797845.
3, 5, 13, 47, 157, 4349
List the prime factors of 579095686.
2, 13, 31, 743, 967
What are the prime factors of 16290181?
181, 90001
List the prime factors of 280086489.
3, 47, 662143
What are the prime factors of 945211358?
2, 7, 13, 23, 349, 647
List the prime factors of 106818225.
3, 5, 17, 199, 421
List the prime factors of 50362749.
3, 19, 5167
List the prime factors of 1135786353.
3, 13, 953, 30559
List the prime factors of 4500505.
5, 131, 6871
List the prime factors of 84757216.
2, 179, 14797
List the prime factors of 43389607.
677, 64091
What are the prime factors of 242308443?
3, 13, 6213037
What are the prime factors of 3367385892?
2, 3, 13, 2398423
What are the prime factors of 748994593?
193, 3880801
What are the prime factors of 710937179?
5507, 129097
What are the prime factors of 93375129?
3, 3697, 8419
What are the prime factors of 264346022?
2, 17, 521, 14923
What are the prime factors of 180186778?
2, 90093389
List the prime factors of 3269074340.
2, 5, 7, 2239, 10429
What are the prime factors of 71052938?
2, 11, 521, 6199
List the prime factors of 326068325.
5, 11, 1185703
List the prime factors of 724152494.
2, 13, 2142463
What are the prime factors of 278737104?
2, 3, 181, 32083
List the prime factors of 23239071.
3, 19, 37, 3673
List the prime factors of 260414631.
3, 1979, 14621
What are the prime factors of 19533657?
3, 11, 13, 45533
List the prime factors of 12954662.
2, 7, 37, 89, 281
List the prime factors of 340786069.
13, 31, 845623
What are the prime factors of 505071744?
2, 3, 1315291
What are the prime factors of 106291479?
3, 7, 5061499
List the prime factors of 500395410.
2, 3, 5, 101, 55049
List the prime factors of 639926481.
3, 173, 1232999
List the prime factors of 504877956.
2, 3, 11, 19, 201307
List the prime factors of 45152051.
7, 17, 59, 109
List the prime factors of 11417403.
3, 43, 67, 1321
What are the prime factors of 6825403836?
2, 3, 97, 499, 3917
List the prime factors of 23881585.
5, 7, 13, 73, 719
What are the prime factors of 97871333?
7, 13981619
What are the prime factors of 81940610?
2, 5, 1217, 6733
List the prime factors of 44564552.
2, 197, 28277
List the prime factors of 469138122.
2, 3, 149, 199, 293
List the prime factors of 293707380.
2, 3, 5, 383, 12781
List the prime factors of 2577673030.
2, 5, 257767303
What are the prime factors of 515387288?
2, 13, 4955647
List the prime factors of 1837362761.
13, 37, 61, 4817
What are the prime factors of 2816558142?
2, 3, 449, 1045493
List the prime factors of 169260440.
2, 5, 113, 37447
List the prime factors of 369025550.
2, 5, 31, 238081
What are the prime factors of 3728724?
2, 3, 310727
What are the prime factors of 695992872?
2, 3, 1063, 27281
What are the prime factors of 251167795?
5, 53, 947803
What are the prime factors of 179037584?
2, 11, 857, 1187
What are the prime factors of 505633489?
103, 139, 35317
What are the prime factors of 4022625902?
2, 29, 69355619
What are the prime factors of 17687923?
11, 761, 2113
List the prime factors of 2447715691.
2447715691
What are the prime factors of 119221075?
5, 23, 207341
What are the prime factors of 1252609831?
11, 23, 47, 105341
What are the prime factors of 698824391?
698824391
What are the prime factors of 493306595?
5, 17, 19, 47, 67, 97
List the prime factors of 4485710.
2, 5, 19, 23609
What are the prime factors of 43523423?
557, 78139
List the prime factors of 2666467629.
3, 7, 17, 97, 25667
List the prime factors of 1293999476.
2, 7, 11, 101, 41597
What are the prime factors of 1413834452?
2, 353458613
List the prime factors of 136111573.
13, 19, 551059
List the prime factors of 56700774.
2, 3, 13, 293, 827
List the prime factors of 41635984.
2, 13, 47, 4259
List the prime factors of 4315565405.
5, 97, 8898073
What are the prime factors of 19395301?
1109, 17489
What are the prime factors of 23882286?
2, 3, 43, 92567
List the prime factors of 161715109.
47, 1663, 2069
What are the prime factors of 29115371?
41, 79, 89, 101
List the prime factors of 125015447.
125015447
List the prime factors of 137531319.
3, 45843773
List the prime factors of 1097203682.
2, 137, 4004393
List the prime factors of 1993833.
3, 221537
List the prime factors of 355156730.
2, 5, 35515673
What are the prime factors of 3167704294?
2, 1583852147
What are the prime factors of 2337909209?
2337909209
List the prime factors of 1365734657.
7, 937, 208223
List the prime factors of 50925397.
83, 613559
List the prime factors of 265898432.
2, 557, 7459
List the prime factors of 3702759614.
2, 29, 63840683
List the prime factors of 526847243.
13, 251, 161461
List the prime factors of 284261175.
3, 5, 11, 43, 2671
List the prime factors of 397490536.
2, 433, 114749
What are the prime factors of 193500732?
2, 3, 17, 948533
List the prime factors of 25418232.
2, 3, 7, 16811
What are the prime factors of 1147094264?
2, 53, 61, 44351
What are the prime factors of 89667885?
3, 5, 5977859
List the prime factors of 135875809.
2851, 47659
What are the prime factors of 3703593204?
2, 3, 769, 133781
List the prime factors of 522008455.
5, 104401691
What are the prime factors of 236693379?
3, 13, 67, 90583
List the prime factors of 105508651.
211, 500041
What are the prime factors of 24534884?
2, 11, 557611
What are the prime factors of 292174583?
292174583
List the prime factors of 76289747.
79, 229, 4217
What are the prime factors of 62369092?
2, 43, 349, 1039
What are the prime factors of 1380180042?
2, 3, 2311, 33179
What are the prime factors of 2592354?
2, 3, 432059
List the prime factors of 95440040.
2, 5, 17, 19, 83, 89
What are the prime factors of 1845902079?
3, 7, 19, 220301
What are the prime factors of 58297361?
58297361
What are 